on factor of k and g.
18
Suppose -216*k - 10342 = -64126. Calculate the highest common factor of 34611 and k.
249
Suppose 4*h - 6*j - 197686 = 0, -3*h + 28*j + 148260 = 24*j. What is the highest common divisor of 386 and h?
386
Suppose -5 = -2*k + 135. Suppose -72*z + k = -67*z. Let h be (7/4)/((-1)/(-56)). What is the greatest common factor of h and z?
14
Suppose 24*h - 34*h = 2350. Let s = -211 - h. What is the greatest common divisor of s and 8?
8
Suppose 9550 - 3810 = 205*x. Let l be -6*1*(-658)/3. Calculate the highest common divisor of x and l.
28
Let v be 1*-3*1385/(-15). Suppose 0 = -3*g + v + 89. Suppose 3*z - g = -26. What is the greatest common factor of z and 16?
16
Let i = -739 + 731. Let m(r) be the second derivative of r**4/3 + 7*r**3/3 + 12*r**2 - r. Let z be m(i). Calculate the greatest common factor of 21 and z.
21
Suppose 5*f - 4*f = 28. Let n = f - 29. Let w be (n + (-22)/(-10))/(1/30). What is the highest common factor of w and 24?
12
Let i(h) = 2*h**2 + 27*h + 18. Let u be i(-23). Let z(n) = 197*n + 992. Let k be z(-5). What is the highest common factor of k and u?
7
Let w be ((-28)/12)/((-273)/17667). What is the greatest common factor of w and 7399?
151
Suppose -352 = t - 520 - 1204. What is the greatest common factor of 588 and t?
196
Suppose 20564 = 14*g + 3988. What is the greatest common divisor of 37 and g?
37
Let s(n) = -3*n**2 - 5*n - 4. Let z(g) = -9*g**2 - 16*g - 13. Let c(p) = -14*s(p) + 4*z(p). Let i be c(6). Calculate the greatest common divisor of i and 16.
16
Let r(n) = -n**2 + 4*n. Let j be r(4). Suppose -5*l + 8*l = 4*z - 195, 3*z - l - 145 = j. Calculate the highest common divisor of z and 32.
16
Let n = -11334 + 11390. Calculate the highest common divisor of n and 2828.
28
Suppose 2*z + 213 = -2*g + 563, -2*g = -2. Suppose 0 = -6*w + 166 - 778. Let d = w + z. Calculate the greatest common factor of 8 and d.
8
Suppose 0 = -5*f + m + 193, -185 = -3*f + 4*m - 59. Suppose -84*g + 67779 + 33149 = 248*g. Calculate the greatest common divisor of f and g.
38
Let f be (-1)/((-14465)/(-50897) + 4/(-14)). Let y = f + -654. Let j = 73 + 46. What is the greatest common factor of j and y?
7
Let v be -6 - (2655/(-18) + 7)/(4/8). Calculate the highest common divisor of 150 and v.
25
Let a = 25 - 25. Suppose v + a = j + 1, 0 = j + v - 9. Let z(l) = 15*l**2 + 2*l - 1. Let k be z(1). What is the greatest common divisor of j and k?
4
Suppose 5*n + 2*h = 3747 + 1195, h = -4*n + 3953. What is the greatest common divisor of 156 and n?
52
Let t = -1776 - -2094. What is the highest common factor of t and 1537?
53
Suppose 6*k - 3*k = 1179. Suppose -9*v = -42 - 30. Suppose -487 - k = -v*h. Calculate the highest common factor of h and 10.
10
Suppose -f + 26*p - 23*p + 55 = 0, 4*p = -f + 20. Calculate the highest common divisor of f and 55.
5
Let k = 59 + -41. Let g be (k/(-8))/(3/(-8)). Let l be 5/(-10) - (-147)/g. Calculate the highest common divisor of l and 60.
12
Let c = 399 + -396. Let u(v) = v**3 + 2*v**2 + 7*v - 18. Let b be u(c). Calculate the highest common factor of 6 and b.
6
Suppose -10*p + 51 = -9*p. Suppose -2*h + 83 = -3*l, 2*h + 2*l - 6*l = 88. What is the highest common factor of h and p?
17
Let p be -7 + 1 - -5 - (8 - 10). Calculate the highest common factor of p and 270.
1
Let f(s) = s**3 + 26*s**2 - 12*s - 217. Let z be f(-26). Calculate the greatest common factor of 19 and z.
19
Let d = -3871 - -5419. What is the highest common divisor of 4 and d?
4
Let c(s) = -83*s + 14591. Let h be c(21). What is the greatest common factor of 176 and h?
176
Suppose 5*d = -6 - 99. Let p = -260 + 301. Let g = d + p. Calculate the highest common divisor of g and 4.
4
Suppose 9*j - 4*p = 6*j + 20420, 0 = -5*j + p + 34056. What is the highest common divisor of j and 52?
52
Let b(f) = -f**3 + 65*f**2 - 187*f + 73. Let l be b(62). Let j be (-3 + -2)*176/(-5). Calculate the greatest common factor of j and l.
11
Suppose 65*z - 55 = 60*z. Suppose 8 = z*p - 7*p, -p = -3*g + 88. What is the highest common factor of 255 and g?
15
Suppose -w = 54 - 86. Let r be (9/6)/(12/w) - -116. What is the greatest common divisor of 24 and r?
24
Let p be 689*6 + 7 + -6 + -11. What is the highest common factor of 4 and p?
4
Suppose q - 13 = -2*l, -2*l + 1 = -3*q - 24. Let a be 42/4*((-726)/(-18) - 3). Calculate the highest common factor of l and a.
8
Let w = -6731 - -10651. What is the highest common factor of 140 and w?
140
Let c = 104 - 101. Suppose 5*f + 13 = -3*b + 60, c*b + 2*f - 35 = 0. What is the highest common divisor of 117 and b?
9
Let r = -3301 - -3556. Calculate the highest common factor of r and 408.
51
Suppose -136 + 28 = -4*n. Suppose -5*d + n = 4*d. Suppose -3*w = -2*o - 4 - 15, -5*o = -d*w + 7. Calculate the greatest common divisor of w and 24.
3
Suppose -34*v + 16164 = 43*v - 12711. Calculate the highest common factor of 3 and v.
3
Suppose 5*g - 7*q + 2*q = 1025, -g + 5*q = -201. What is the greatest common divisor of g and 4738?
206
Let c be -11*6/(-12)*6. Suppose 5*k + 5 = -n - 3, -3*k - 10 = -2*n. Suppose -693 = -n*j - j. What is the greatest common divisor of j and c?
33
Suppose 16*y + 4*y - 1200 = 0. Let m(p) = p + 2. Let l be m(4). What is the greatest common divisor of y and l?
6
Suppose -8*c = -9*c + 136. Let o = 153 - c. Calculate the highest common divisor of 17 and o.
17
Let d(x) = -4*x + 7. Let i = 46 - 24. Suppose 0 = -2*o - 6 - i. Let r be d(o). Calculate the greatest common divisor of 21 and r.
21
Let i(r) = -7*r + 10. Let m = 34 - 34. Let n be i(m). Let z = 30 + n. Calculate the greatest common factor of z and 10.
10
Let n(z) = -45*z - 110. Let d = 258 - 263. Let m be n(d). Calculate the highest common factor of m and 23.
23
Suppose 5*d + 5*a - 2389 = -24, -a = -9. What is the highest common factor of 58 and d?
58
Let v be 34/(-3) + (-1)/(-3). Let p(m) = -3*m**2 + 4*m**2 - 229*m + 77*m - 8 + 75*m + 84*m. Let h be p(v). Calculate the highest common factor of h and 54.
18
Let i be -1 + 4 - (-222)/3. Let f be 18/45*(6 + -1). Suppose f*h - 20 = -2*t - 0*h, 0 = 2*t - 4*h - 2. What is the greatest common divisor of t and i?
7
Let s be 925/(((-56)/(-105))/(-8)*-3). Calculate the greatest common factor of s and 25.
25
Let d be (-4 + 2 + 274)*1. Let s(h) be the first derivative of h**3/3 + 7*h**2/2 - 44*h + 23. Let r be s(6). Calculate the greatest common divisor of d and r.
34
Let o be (-2)/(-11) + 4/22*-1. Let n be o/(-3) + 1 - 28/(-4). Suppose 2*z = -n*z + 130. Calculate the greatest common divisor of 13 and z.
13
Let n = -3863 - -12612. Suppose 32*y - n + 397 = 0. What is the greatest common divisor of y and 9?
9
Let j(y) = 3*y**2 - 38*y + 128. Suppose -5 - 3 = -2*s. Let m be j(s). What is the highest common divisor of m and 276?
12
Let f(j) = 33*j**3 + 4*j**2 - 95*j + 218. Let k be f(5). Calculate the highest common divisor of k and 320.
64
Suppose 6 + 19 = -5*h. Let b be 1*-23*(-2 + (h - -5)). Let v = -31 + b. Calculate the highest common factor of v and 150.
15
Let c(n) = n**2 - n - 8. Let z(l) = l + 18. Let k be z(10). Let f = k - 35. Let w be c(f). What is the highest common factor of w and 32?
16
Let l = 935 + -933. Suppose -21 - 79 = -5*n. Let a = n - 14. What is the greatest common divisor of a and l?
2
Let x = -3781 + 4037. What is the highest common divisor of x and 200?
8
Suppose 2*v - 61 - 42 - 12 = -5*b + 46, 54 = 3*v. Let s = 5 - 2. Suppose 50 = 2*a + s*a. What is the highest common factor of b and a?
5
Let g be (-2 + 4)/(6/33). Suppose -5*j = -n + g - 0, 4*n - 29 = 5*j. Let v = -3 - -12. What is the greatest common factor of n and v?
3
Suppose -164 = -5*o + 3*x, o - 46 = 6*x - x. Suppose -4*j + o = 4*s - 9, -s + 2 = -3*j. Calculate the greatest common factor of s and 68.
4
Suppose -2*f - 2 + 16 = 0. Let c(h) = -h**2 + 51*h - 244. Let a be c(f). What is the highest common divisor of 96 and a?
32
Let c(w) be the third derivative of -335*w**4/24 - w**3/6 - 10*w**2. Let t be c(1). Let g = t - -546. What is the greatest common factor of g and 42?
42
Let d be 6/(-24) + 1649/68. Let q = -174 + 262. Calculate the highest common divisor of d and q.
8
Suppose 0 = 53*f - 93 - 437. Calculate the greatest common factor of 98 and f.
2
Let r(a) = -a - 7. Let p be r(0). Let i = 140 + p. Suppose 815 = 2*f + w + i, 0 = 